9 + (25 - 0))?
63
-54 + 50 + 3 + (3 - (-2 - -27))
-23
What is (17 + -17 + 18 - 26) + 99?
91
What is -10 + (29 - 71) + 98?
46
What is (90 - (-57 - -190)) + 31?
-12
What is the value of (-3403 - -3356) + 3 + 27?
-17
What is 56 - (100 + -119 + 59)?
16
What is the value of -42 + -60 + (-17 - -168)?
49
What is (11 - 61) + -21 - -23?
-48
What is -67 - (5 + (-9 - (13 + -24) - 14))?
-60
What is -19 - (1 + -19) - (-11 - -8 - 58)?
60
Calculate -7 + 36 + -171 + 25 - -24.
-93
1 + (4 + 22 + -11 - 11) + -1
4
What is (40 - 24) + (-14 - -7 - 19)?
-10
-9 + (-14 - (-18 + 12)) - -13 - 38
-42
(298 - 310) + (-5 - 41)
-58
Calculate -29 + 68 + -38 + 9 + 1 + 1.
12
What is the value of 727 - 779 - (-29 + 1)?
-24
Evaluate 8 - 2 - (-2 + (-84 - -59)).
33
What is 2 + -1 + -1 + (27 - (34 - (-64 - -74)))?
3
Calculate -78 - (-4 + 16 + -38 + 16).
-68
What is (-4 - -3) + -5 + -25 - (-11 + 14 + 8)?
-42
Evaluate 18 + -2 + (2 - (-15 + 29) - 0) - -83.
87
What is (-4 - ((-1 - 1 - 16) + 225 + -220)) + -74?
-65
(-1 - -4) + (-78 - -45) + 49
19
What is the value of 42 + (-81 - -33) + -1 + 33?
26
Evaluate 11 + (11 - 4 - 0) + -28 - -41.
31
83 - (21 + -16 + 127)
-49
Calculate -13 + (-82 + 79 - (17 - (5 + 0))).
-28
Calculate 21 - (-14 - -6 - (-86 - -49)).
-8
(1 - -7) + (-8 - (8 + 4 + 41 + -56))
3
Calculate (-87 - -62) + 33 + -2 + 36.
42
What is the value of 89 + 39 + (-146 - -39)?
21
What is (16 - (10 - 16)) + -1 - -15?
36
(-3 - (2 + 7)) + 40 + -3 + 14
39
What is the value of 107 + -244 + -25 + 312?
150
Calculate 1 + 4 + -8 + (-9 + 4 + -11 - -11).
-8
Evaluate -60 + (-12 - -9 - -11) + (17 - (19 + 16)).
-70
What is 343 - 324 - (2 - -19) - (16 + 3) - -9?
-12
Calculate (22 - (-35 - -87)) + (-2 - -1).
-31
Calculate -8 + 16 - -2 - -1 - (1 - -9) - -75.
76
What is the value of -102 + (-36 - -160 - 170)?
-148
Calculate -3170 - -3251 - (-5 + 26).
60
-81 + 90 + (3 - (0 + 1)) + -46
-35
Evaluate 35 + -33 + 34 + -14 + (10 - (-2 - -4)).
30
Evaluate 22 - (61 + 16 + -34).
-21
-42 - (-25 - -9) - -41
15
37 + (0 - (11 - 29)) + -23
32
What is the value of -19 + -7 + (82 - 34) + 107?
129
Evaluate (411 - 398 - (-1 - 1)) + -62.
-47
What is the value of -125 + (79 - -52) + (1 - (28 - -2))?
-23
What is the value of 658 - 614 - (40 + 0)?
4
Evaluate -31 + (-58 - -129) + -73.
-33
What is (29 - (30 + -18)) + (-27 - 2)?
-12
(90 + -26 - 37) + -1 + (2 - 1) + -3
24
What is (173 - 82) + (-28 - 88)?
-25
What is -5 + (-33 - -15) + -2 + -20?
-45
Calculate -4 + 36 + (-13 - (-8 - -14)).
13
74 - (-31 + (108 - 69))
66
Evaluate 16 - (-8 + 29 - (11 + -5)).
1
What is the value of 5 + -6 + 30 + (1 - (-12 + 21 + 0))?
21
Evaluate 51 - (72 + (-79 - -64)).
-6
What is 5 + (2 + (-2 - 1) - -9 - 5) + 9?
17
What is 56 + (17 - 0) + -37?
36
What is (47 - 27 - 45) + (3 - 1 - (0 + 7))?
-30
205 - 96 - (-7 + 62)
54
130 - 120 - (52 + 2 + (13 - 9))
-48
Calculate (4 - 3) + 30 + -18 + -33 + 35.
15
What is (-1 - (-1 + 67)) + (-16 - (-4 - (0 - -15)))?
-64
-47 - (-4 - 5) - -36
-2
Evaluate -77 + -9 - (-242 - -243 - (-1 + -13)).
-101
(-5 - -13) + (-10 - -14 - 14)
-2
22 + (-5 - -1) + -39 - -30 - -17
26
-33 - (-33 + 27 + -15)
-12
What is -5 + 144 + -30 - 68?
41
Evaluate -35 - (-59 + 98 - 98).
24
1549 + -1576 - (-10 - -4)
-21
What is 153 + -158 + (-27 - -12)?
-20
Calculate (10 + -5 - -44) + (30 - (-1 - -26)).
54
What is -829 - -957 - (5 + 49)?
74
Calculate -1 + -33 + -5 - (1214 + -1241).
-12
What is the value of 14 - (20 + -22 + -28)?
44
What is (6 - (1 - 2)) + -37 + -62?
-92
Calculate 3 - ((12 - 0) + 1) - (-19 + (29 - -9)).
-29
Evaluate 8 - (6 - -10 - 20 - (2 + 26)).
40
What is -55 + -5 + 12 + (-11 + 27 - (-4 - -11))?
-39
Calculate 53 + 16 + (-9 - 39).
21
Evaluate (-3 - -2) + 10 + (-52 - 4 - (88 - 95)).
-40
What is the value of 1 + -2 - 0 - (-15 - -25 - 42)?
31
Calculate 411 + -395 + (-18 - 3).
-5
What is -446 + 446 + (6 - (0 + 4) - 7)?
-5
What is the value of -36 + (-6 - (4 - (-11 - -6)) - -23)?
-28
Evaluate 178 + (-163 - 38) - (1 - -26).
-50
Evaluate 128 - (-7 + 310 - 102).
-73
What is -123 + (29 + -18 - (26 + -22 - 16))?
-100
Calculate 14 + -17 - (-4 - (7 + 7)).
15
Evaluate -46 + 9 + -7 + 14 + (-10 - -6).
-34
What is the value of -175 + -10 - (-946 + 829)?
-68
Calculate -26 + (-35 - -60) - (-3 + -23).
25
Evaluate (3600 - 3551) + -9 + 2 + 0 + 0.
42
14 - ((-17 - (-10 - -2)) + 27) - 24
-28
What is the value of -27 - -80 - (137 - 53)?
-31
Evaluate 20 - (1 - 19) - 102.
-64
What is the value of 7 + (-7 + 0 - ((1 - 6) + -27 + 32))?
0
Calculate -4 + 8 + -2 + -1 + 1 + -7 + -33.
-38
What is 62 - 61 - (-35 - 2) - (10 - (14 - -4))?
46
What is the value of (2 - 2) + -6 + (-17 - (-42 - (-26 - 7)))?
-14
What is -4 + (-3 - -2) - (4 + -5 - -12 - -91)?
-107
Evaluate 4 + (-7 - (-32 + (10 - -9))).
10
What is the value of 1509 - 1479 - (-21 + 1)?
50
Evaluate -1 + (1 - 1) + -4091 + 4068.
-24
What is the value of 13 + (-54 - -126) + -1 + -7 - -13?
90
What is -458 + 449 + -64 + 5?
-68
What is the value of -81 + -3 + 1 + -1 - (-136 + 132)?
-80
-16 + -9 + 24 + -8 - (1 - (60 + -2))
48
40 + 3 + 73 + -36 + -32
48
Calculate -3 + -13 + (-55 + 47 - -10) + -1 + -55.
-70
What is (2 - -55) + -356 + 298?
-1
What is 54 + (-79 - -63) + -27?
11
What is (-56 - -2) + (-241 - -227 - (-1 - 8)) + -2?
-61
What is the value of (49 - 55 - (-2 - -6)) + 94?
84
What is the value of -30 - 0 - (-24 - (59 - 66)) - (3 + -54)?
38
What is the value of -93 - 1 - (3396 - 3405)?
-85
Calculate (-28 - -4 - -17) + 3 + 3.
-1
8 - -5 - 32 - 14
-33
Calculate -59 + 23 + 8 + 0 + 0.
-28
What is the value of -84 - 11 - -98 - -10?
13
What is the value of -77 + 122 + 105 + -87?
63
What is the value of (-1 - -8) + -2 + 11 - 27 - (-10 + 64)?
-65
-33 + 0 - (4893 + -4892)
-34
What is -72 + (29 - 9) - 47?
-99
What is the value of -51 - (-46 - -25 - 49)?
19
(-56 + 3 - (-9 - (14 - 28)) - 0) + 11
-47
(-3 - 14 - 30) + (10 - (17 - -8))
-62
1070 - 1135 - (2 - 69)
2
Evaluate (51 - (-28 + 65)) + 1 + -1.
14
What is the value of (5 - (5 + (2 - -59))) + (-1283 - -1282)?
-62
What is the value of -2 + 12 + -5 + 24 + -18?
11
Calculate (23 - 16) + 14 + 20.
41
What is -12 + 20 + (-4 - -1) - (1 + -4 - 65)?
73
Calculate -14 + (-31 - (-6 + -7)) + 29.
-3
Evaluate -58 + 15 + 2 + (-10 - -8).
-43
-13 - (-18 + (-5 - (15 + -14)))
11
What is (28 - 60) + 59 + -27 + -6?
-6
2 - (106 + (8 - 18))
-94
Calculate -3560 + 3591 + (3 - -38 - -1).
73
Calculate -58 - (-5 - (-3 - (0 - -2)) - (59 + -56)).
-55
What is (-225 - (-159 - -55)) + 190?
69
What is the value of 13 - (18 - 1 - (2 - -1) - (261 + -157))?
103
What is the value of (17 - 4) + (-140 - -25) + (6 + -2 - 3)?
-101
What is the value of 12 + -180 + 217 + (4 - 4) + -8?
41
Calculate -122 - ((31 - 59) + 13 - 22).
-85
(36 - (60 + 2)) + 17
-9
Calculate -5 + 4 + (-3 - (3 - 6)) + 45.
44
What is the value of 12 + (-19 - -30 - (6 - 2 - (9 - -6)))?
34
Evaluate -18 + 18 + (8 + -41 - 14).
-47
What is the value of -1984 - -2002 - (1 + -31)?
48
What is 94 - 179 - (-8 + -7 + -10)?
-60
Calculate -134 + 187 + -44 + 0.
9
-4 - (-2 + (13 - -7) - (10 + 113))
101
Calculate (-2 - -7 - 11) + (-41 - (-1 - (-3 - -8))).
-41
Evaluate -1 + (6 + -1 - (2 + 13 + -3)).
-8
What is -2 - (-3 + 10 + -5) - (-345 + 342)?
-1
Evaluate 23 - (-23 - (-51 + (-27 - (8 + -21)))).
-19
What is (144 - 101) + 43 - -10?
96
-9 - -3 - (109 - 95) - -92
72
Calculate -5 - -211 - 85 - 219.
-98
Calculate 157 + (71 - 64 - 82).
82
What is the value of -7 - (17 + -18 + 6)?
-12
(23 - (24 + 2)) + -7
-10
What is (-175 - -184) + (0 + 3 - (-44 + 7))?
49
Calculate (-49 - (-19 + -3) - -97) + -13 + -4 + 8.
61
What is -54 + 1 + (1512 - 1464)?
-5
Calculate -35 - (1 - (-38 - (11 + -35))).
-50
What is (4 + -3 - 36) + (-6 - ((66 - 29) + -28))?
-50
Evaluate -19 + (30 - ((8 - -8) + -34)).
29
What is 60 - 88 - -54 - -1?
27
What is 25 + (-9 + -16 - 21)?
-21
What is the value of 2 - 34 - (-3 + (-52 - -40) - (0 - 20))?
-37
What is the value of 244 + (-472 - -241) + (65 - (-1 + 0))?
79
What is 15 + (2 - 39) + -4?
-26
What is -5 + (1 - (1 + -12 + 18) - 0) + 39?
28
2 - (12 + (13 - -5) - 2 - -11)
-37
-45 - ((-3 - -10) + -2 - (-41 - -54 - 16))
-53
-1 + -8 + -3 - (2307 + -2231)
-88
Evaluate 16 + 58 + -90 + 61.
45
What is the value of (-1 - 0) + -2 + -20 + -6955 + 7033?
55
Evaluate 9 + -51 + (90 - 22).
26
Evaluate 9 - (-8 + (46 - 14) + (-3 - -3)).
-15
Evaluate -21 + 2 - -14 - (-9 + 22 + 1).
-